{"id":69,"date":"2023-03-13T13:02:27","date_gmt":"2023-03-13T12:02:27","guid":{"rendered":"https:\/\/lionel-lescornec.com\/?page_id=69"},"modified":"2023-04-25T18:31:56","modified_gmt":"2023-04-25T16:31:56","slug":"actualites","status":"publish","type":"page","link":"https:\/\/lionel-lescornec.com\/?page_id=69","title":{"rendered":"Actualit\u00e9s"},"content":{"rendered":"\n<div class=\"wp-block-media-text alignfull is-stacked-on-mobile is-vertically-aligned-center\" style=\"grid-template-columns:36% auto\"><figure class=\"wp-block-media-text__media\"><a href=\"https:\/\/lionel-lescornec.com\/wp-content\/uploads\/2023\/04\/IMG_5115.jpg\"><img loading=\"lazy\" decoding=\"async\" width=\"1024\" height=\"1024\" src=\"https:\/\/lionel-lescornec.com\/wp-content\/uploads\/2023\/04\/IMG_5115-1024x1024.jpg\" alt=\"\" class=\"wp-image-628 size-medium\" srcset=\"https:\/\/lionel-lescornec.com\/wp-content\/uploads\/2023\/04\/IMG_5115-1024x1024.jpg 1024w, https:\/\/lionel-lescornec.com\/wp-content\/uploads\/2023\/04\/IMG_5115-300x300.jpg 300w, https:\/\/lionel-lescornec.com\/wp-content\/uploads\/2023\/04\/IMG_5115-150x150.jpg 150w, https:\/\/lionel-lescornec.com\/wp-content\/uploads\/2023\/04\/IMG_5115-768x768.jpg 768w, https:\/\/lionel-lescornec.com\/wp-content\/uploads\/2023\/04\/IMG_5115-50x50.jpg 50w, https:\/\/lionel-lescornec.com\/wp-content\/uploads\/2023\/04\/IMG_5115-80x80.jpg 80w, https:\/\/lionel-lescornec.com\/wp-content\/uploads\/2023\/04\/IMG_5115.jpg 1162w\" sizes=\"auto, (max-width: 1024px) 100vw, 1024px\" \/><\/a><\/figure><div class=\"wp-block-media-text__content\">\n<h3 class=\"wp-block-heading has-text-align-center has-cyan-bluish-gray-color has-black-background-color has-text-color has-background\">Exposition Les amis de l&rsquo;art<\/h3>\n\n\n\n<p class=\"has-text-align-center has-extra-small-font-size\"><a rel=\"noreferrer noopener\" href=\"https:\/\/lesamisdelart.fr\/\" target=\"_blank\">L<\/a><a rel=\"noreferrer noopener\" href=\"https:\/\/lesamisdelart.fr\/\" target=\"_blank\">e<\/a><a rel=\"noreferrer noopener\" href=\"https:\/\/lesamisdelart.fr\/\" target=\"_blank\">s<\/a><a rel=\"noreferrer noopener\" href=\"https:\/\/lesamisdelart.fr\/\" target=\"_blank\"> <\/a><a rel=\"noreferrer noopener\" href=\"https:\/\/lesamisdelart.fr\/\" target=\"_blank\">a<\/a><a rel=\"noreferrer noopener\" href=\"https:\/\/lesamisdelart.fr\/\" target=\"_blank\">m<\/a><a rel=\"noreferrer noopener\" href=\"https:\/\/lesamisdelart.fr\/\" target=\"_blank\">i<\/a><a rel=\"noreferrer noopener\" href=\"https:\/\/lesamisdelart.fr\/\" target=\"_blank\">s<\/a><a rel=\"noreferrer noopener\" href=\"https:\/\/lesamisdelart.fr\/\" target=\"_blank\"> <\/a><a rel=\"noreferrer noopener\" href=\"https:\/\/lesamisdelart.fr\/\" target=\"_blank\">d<\/a><a rel=\"noreferrer noopener\" href=\"https:\/\/lesamisdelart.fr\/\" target=\"_blank\">e<\/a><a rel=\"noreferrer noopener\" href=\"https:\/\/lesamisdelart.fr\/\" target=\"_blank\"> <\/a><a rel=\"noreferrer noopener\" href=\"https:\/\/lesamisdelart.fr\/\" target=\"_blank\">l<\/a><a rel=\"noreferrer noopener\" href=\"https:\/\/lesamisdelart.fr\/\" target=\"_blank\">&lsquo;<\/a><a rel=\"noreferrer noopener\" href=\"https:\/\/lesamisdelart.fr\/\" target=\"_blank\">a<\/a><a rel=\"noreferrer noopener\" href=\"https:\/\/lesamisdelart.fr\/\" target=\"_blank\">r<\/a><a href=\"https:\/\/lesamisdelart.fr\/\" target=\"_blank\" rel=\"noreferrer noopener\">t<\/a><a rel=\"noreferrer noopener\" href=\"https:\/\/lesamisdelart.fr\/\" target=\"_blank\"> \u2197<\/a><\/p>\n\n\n\n<p>Les amis de l&rsquo;art expose du 26 avril au 7 mai 2023<\/p>\n\n\n\n<p>Invit\u00e9 d&rsquo;honneur : <\/p>\n\n\n\n<p class=\"has-text-align-center\">G\u00e9rard Voisin<\/p>\n\n\n\n<p class=\"has-text-align-center\">Lieu: LA CALE 2 Cr\u00e9ateurs<\/p>\n\n\n\n<p class=\"has-text-align-center\">Quai des Antilles &#8211; NANTES<\/p>\n\n\n\n<p><\/p>\n<\/div><\/div>\n\n\n\n<p><\/p>\n\n\n<div class=\"wp-block-image\">\n<figure class=\"alignleft size-large\"><img loading=\"lazy\" decoding=\"async\" width=\"1024\" height=\"1024\" src=\"https:\/\/lionel-lescornec.com\/wp-content\/uploads\/2023\/04\/IMG_3563-1024x1024.jpg\" alt=\"\" class=\"wp-image-626\" srcset=\"https:\/\/lionel-lescornec.com\/wp-content\/uploads\/2023\/04\/IMG_3563-1024x1024.jpg 1024w, https:\/\/lionel-lescornec.com\/wp-content\/uploads\/2023\/04\/IMG_3563-300x300.jpg 300w, https:\/\/lionel-lescornec.com\/wp-content\/uploads\/2023\/04\/IMG_3563-150x150.jpg 150w, https:\/\/lionel-lescornec.com\/wp-content\/uploads\/2023\/04\/IMG_3563-768x768.jpg 768w, https:\/\/lionel-lescornec.com\/wp-content\/uploads\/2023\/04\/IMG_3563-50x50.jpg 50w, https:\/\/lionel-lescornec.com\/wp-content\/uploads\/2023\/04\/IMG_3563-80x80.jpg 80w, https:\/\/lionel-lescornec.com\/wp-content\/uploads\/2023\/04\/IMG_3563.jpg 1280w\" sizes=\"auto, (max-width: 1024px) 100vw, 1024px\" \/><\/figure>\n<\/div>\n\n\n<p><\/p>\n\n\n\n<figure class=\"wp-block-image size-large\"><img loading=\"lazy\" decoding=\"async\" width=\"1024\" height=\"1024\" src=\"https:\/\/lionel-lescornec.com\/wp-content\/uploads\/2023\/04\/IMG_3564-1024x1024.jpg\" alt=\"\" class=\"wp-image-627\" srcset=\"https:\/\/lionel-lescornec.com\/wp-content\/uploads\/2023\/04\/IMG_3564-1024x1024.jpg 1024w, https:\/\/lionel-lescornec.com\/wp-content\/uploads\/2023\/04\/IMG_3564-300x300.jpg 300w, https:\/\/lionel-lescornec.com\/wp-content\/uploads\/2023\/04\/IMG_3564-150x150.jpg 150w, https:\/\/lionel-lescornec.com\/wp-content\/uploads\/2023\/04\/IMG_3564-768x768.jpg 768w, https:\/\/lionel-lescornec.com\/wp-content\/uploads\/2023\/04\/IMG_3564-50x50.jpg 50w, https:\/\/lionel-lescornec.com\/wp-content\/uploads\/2023\/04\/IMG_3564-80x80.jpg 80w, https:\/\/lionel-lescornec.com\/wp-content\/uploads\/2023\/04\/IMG_3564.jpg 1280w\" sizes=\"auto, (max-width: 1024px) 100vw, 1024px\" \/><\/figure>\n","protected":false},"excerpt":{"rendered":"<p>Exposition Les amis de l&rsquo;art Les amis de l&lsquo;art \u2197 Les amis de l&rsquo;art expose du 26 avril au 7 mai 2023 Invit\u00e9 d&rsquo;honneur : G\u00e9rard Voisin Lieu: LA CALE 2 Cr\u00e9ateurs Quai des Antilles &#8211; NANTES<\/p>\n","protected":false},"author":2,"featured_media":0,"parent":0,"menu_order":0,"comment_status":"closed","ping_status":"closed","template":"","meta":{"footnotes":""},"folder":[],"class_list":["post-69","page","type-page","status-publish","hentry"],"yoast_head":"<!-- This site is optimized with the Yoast SEO plugin v21.2 - https:\/\/yoast.com\/wordpress\/plugins\/seo\/ -->\n<title>Actualit\u00e9s - Lionel Le Scornec<\/title>\n<meta name=\"robots\" content=\"index, follow, max-snippet:-1, max-image-preview:large, max-video-preview:-1\" \/>\n<link rel=\"canonical\" href=\"https:\/\/lionel-lescornec.com\/?page_id=69\" \/>\n<meta property=\"og:locale\" content=\"fr_FR\" \/>\n<meta property=\"og:type\" content=\"article\" \/>\n<meta property=\"og:title\" content=\"Actualit\u00e9s - Lionel Le Scornec\" \/>\n<meta property=\"og:description\" content=\"Exposition Les amis de l&rsquo;art Les amis de l&lsquo;art \u2197 Les amis de l&rsquo;art expose du 26 avril au 7 mai 2023 Invit\u00e9 d&rsquo;honneur : G\u00e9rard Voisin Lieu: LA CALE 2 Cr\u00e9ateurs Quai des Antilles &#8211; NANTES\" \/>\n<meta property=\"og:url\" content=\"https:\/\/lionel-lescornec.com\/?page_id=69\" \/>\n<meta property=\"og:site_name\" content=\"Lionel Le Scornec\" \/>\n<meta property=\"article:modified_time\" content=\"2023-04-25T16:31:56+00:00\" \/>\n<meta property=\"og:image\" content=\"https:\/\/lionel-lescornec.com\/wp-content\/uploads\/2023\/04\/IMG_5115-1024x1024.jpg\" \/>\n<meta name=\"twitter:card\" content=\"summary_large_image\" \/>\n<script type=\"application\/ld+json\" class=\"yoast-schema-graph\">{\"@context\":\"https:\/\/schema.org\",\"@graph\":[{\"@type\":\"WebPage\",\"@id\":\"https:\/\/lionel-lescornec.com\/?page_id=69\",\"url\":\"https:\/\/lionel-lescornec.com\/?page_id=69\",\"name\":\"Actualit\u00e9s - Lionel Le Scornec\",\"isPartOf\":{\"@id\":\"https:\/\/lionel-lescornec.com\/#website\"},\"datePublished\":\"2023-03-13T12:02:27+00:00\",\"dateModified\":\"2023-04-25T16:31:56+00:00\",\"breadcrumb\":{\"@id\":\"https:\/\/lionel-lescornec.com\/?page_id=69#breadcrumb\"},\"inLanguage\":\"fr-FR\",\"potentialAction\":[{\"@type\":\"ReadAction\",\"target\":[\"https:\/\/lionel-lescornec.com\/?page_id=69\"]}]},{\"@type\":\"BreadcrumbList\",\"@id\":\"https:\/\/lionel-lescornec.com\/?page_id=69#breadcrumb\",\"itemListElement\":[{\"@type\":\"ListItem\",\"position\":1,\"name\":\"Accueil\",\"item\":\"https:\/\/lionel-lescornec.com\/\"},{\"@type\":\"ListItem\",\"position\":2,\"name\":\"Actualit\u00e9s\"}]},{\"@type\":\"WebSite\",\"@id\":\"https:\/\/lionel-lescornec.com\/#website\",\"url\":\"https:\/\/lionel-lescornec.com\/\",\"name\":\"Lionel Le Scornec\",\"description\":\"Plasticien-Sculpteur\",\"potentialAction\":[{\"@type\":\"SearchAction\",\"target\":{\"@type\":\"EntryPoint\",\"urlTemplate\":\"https:\/\/lionel-lescornec.com\/?s={search_term_string}\"},\"query-input\":\"required name=search_term_string\"}],\"inLanguage\":\"fr-FR\"}]}<\/script>\n<!-- \/ Yoast SEO plugin. -->","yoast_head_json":{"title":"Actualit\u00e9s - Lionel Le Scornec","robots":{"index":"index","follow":"follow","max-snippet":"max-snippet:-1","max-image-preview":"max-image-preview:large","max-video-preview":"max-video-preview:-1"},"canonical":"https:\/\/lionel-lescornec.com\/?page_id=69","og_locale":"fr_FR","og_type":"article","og_title":"Actualit\u00e9s - Lionel Le Scornec","og_description":"Exposition Les amis de l&rsquo;art Les amis de l&lsquo;art \u2197 Les amis de l&rsquo;art expose du 26 avril au 7 mai 2023 Invit\u00e9 d&rsquo;honneur : G\u00e9rard Voisin Lieu: LA CALE 2 Cr\u00e9ateurs Quai des Antilles &#8211; NANTES","og_url":"https:\/\/lionel-lescornec.com\/?page_id=69","og_site_name":"Lionel Le Scornec","article_modified_time":"2023-04-25T16:31:56+00:00","og_image":[{"url":"https:\/\/lionel-lescornec.com\/wp-content\/uploads\/2023\/04\/IMG_5115-1024x1024.jpg"}],"twitter_card":"summary_large_image","schema":{"@context":"https:\/\/schema.org","@graph":[{"@type":"WebPage","@id":"https:\/\/lionel-lescornec.com\/?page_id=69","url":"https:\/\/lionel-lescornec.com\/?page_id=69","name":"Actualit\u00e9s - Lionel Le Scornec","isPartOf":{"@id":"https:\/\/lionel-lescornec.com\/#website"},"datePublished":"2023-03-13T12:02:27+00:00","dateModified":"2023-04-25T16:31:56+00:00","breadcrumb":{"@id":"https:\/\/lionel-lescornec.com\/?page_id=69#breadcrumb"},"inLanguage":"fr-FR","potentialAction":[{"@type":"ReadAction","target":["https:\/\/lionel-lescornec.com\/?page_id=69"]}]},{"@type":"BreadcrumbList","@id":"https:\/\/lionel-lescornec.com\/?page_id=69#breadcrumb","itemListElement":[{"@type":"ListItem","position":1,"name":"Accueil","item":"https:\/\/lionel-lescornec.com\/"},{"@type":"ListItem","position":2,"name":"Actualit\u00e9s"}]},{"@type":"WebSite","@id":"https:\/\/lionel-lescornec.com\/#website","url":"https:\/\/lionel-lescornec.com\/","name":"Lionel Le Scornec","description":"Plasticien-Sculpteur","potentialAction":[{"@type":"SearchAction","target":{"@type":"EntryPoint","urlTemplate":"https:\/\/lionel-lescornec.com\/?s={search_term_string}"},"query-input":"required name=search_term_string"}],"inLanguage":"fr-FR"}]}},"_links":{"self":[{"href":"https:\/\/lionel-lescornec.com\/index.php?rest_route=\/wp\/v2\/pages\/69","targetHints":{"allow":["GET"]}}],"collection":[{"href":"https:\/\/lionel-lescornec.com\/index.php?rest_route=\/wp\/v2\/pages"}],"about":[{"href":"https:\/\/lionel-lescornec.com\/index.php?rest_route=\/wp\/v2\/types\/page"}],"author":[{"embeddable":true,"href":"https:\/\/lionel-lescornec.com\/index.php?rest_route=\/wp\/v2\/users\/2"}],"replies":[{"embeddable":true,"href":"https:\/\/lionel-lescornec.com\/index.php?rest_route=%2Fwp%2Fv2%2Fcomments&post=69"}],"version-history":[{"count":17,"href":"https:\/\/lionel-lescornec.com\/index.php?rest_route=\/wp\/v2\/pages\/69\/revisions"}],"predecessor-version":[{"id":641,"href":"https:\/\/lionel-lescornec.com\/index.php?rest_route=\/wp\/v2\/pages\/69\/revisions\/641"}],"wp:attachment":[{"href":"https:\/\/lionel-lescornec.com\/index.php?rest_route=%2Fwp%2Fv2%2Fmedia&parent=69"}],"wp:term":[{"taxonomy":"folder","embeddable":true,"href":"https:\/\/lionel-lescornec.com\/index.php?rest_route=%2Fwp%2Fv2%2Ffolder&post=69"}],"curies":[{"name":"wp","href":"https:\/\/api.w.org\/{rel}","templated":true}]}}

Actualités

<div class="wp-block-media-text alignfull is-stacked-on-mobile is-vertically-aligned-center" style="grid-template-columns:36% auto"><figure class="wp-block-media-text__media"><a href="https://lionel-lescornec.com/wp-content/uploads/2023/04/IMG_5115.jpg"><img loading="lazy" decoding="async" width="1024" height="1024" src="https://lionel-lescornec.com/wp-content/uploads/2023/04/IMG_5115-1024x1024.jpg" alt="" class="wp-image-628 size-medium" srcset="https://lionel-lescornec.com/wp-content/uploads/2023/04/IMG_5115-1024x1024.jpg 1024w, https://lionel-lescornec.com/wp-content/uploads/2023/04/IMG_5115-300x300.jpg 300w, https://lionel-lescornec.com/wp-content/uploads/2023/04/IMG_5115-150x150.jpg 150w, https://lionel-lescornec.com/wp-content/uploads/2023/04/IMG_5115-768x768.jpg 768w, https://lionel-lescornec.com/wp-content/uploads/2023/04/IMG_5115-50x50.jpg 50w, https://lionel-lescornec.com/wp-content/uploads/2023/04/IMG_5115-80x80.jpg 80w, https://lionel-lescornec.com/wp-content/uploads/2023/04/IMG_5115.jpg 1162w" sizes="auto, (max-width: 1024px) 100vw, 1024px" /></a></figure><div class="wp-block-media-text__content">
<h3 class="wp-block-heading has-text-align-center has-cyan-bluish-gray-color has-black-background-color has-text-color has-background">Exposition Les amis de l&rsquo;art</h3>



<p class="has-text-align-center has-extra-small-font-size"><a rel="noreferrer noopener" href="https://lesamisdelart.fr/" target="_blank">L</a><a rel="noreferrer noopener" href="https://lesamisdelart.fr/" target="_blank">e</a><a rel="noreferrer noopener" href="https://lesamisdelart.fr/" target="_blank">s</a><a rel="noreferrer noopener" href="https://lesamisdelart.fr/" target="_blank"> </a><a rel="noreferrer noopener" href="https://lesamisdelart.fr/" target="_blank">a</a><a rel="noreferrer noopener" href="https://lesamisdelart.fr/" target="_blank">m</a><a rel="noreferrer noopener" href="https://lesamisdelart.fr/" target="_blank">i</a><a rel="noreferrer noopener" href="https://lesamisdelart.fr/" target="_blank">s</a><a rel="noreferrer noopener" href="https://lesamisdelart.fr/" target="_blank"> </a><a rel="noreferrer noopener" href="https://lesamisdelart.fr/" target="_blank">d</a><a rel="noreferrer noopener" href="https://lesamisdelart.fr/" target="_blank">e</a><a rel="noreferrer noopener" href="https://lesamisdelart.fr/" target="_blank"> </a><a rel="noreferrer noopener" href="https://lesamisdelart.fr/" target="_blank">l</a><a rel="noreferrer noopener" href="https://lesamisdelart.fr/" target="_blank">&lsquo;</a><a rel="noreferrer noopener" href="https://lesamisdelart.fr/" target="_blank">a</a><a rel="noreferrer noopener" href="https://lesamisdelart.fr/" target="_blank">r</a><a href="https://lesamisdelart.fr/" target="_blank" rel="noreferrer noopener">t</a><a rel="noreferrer noopener" href="https://lesamisdelart.fr/" target="_blank"> ↗</a></p>



<p>Les amis de l&rsquo;art expose du 26 avril au 7 mai 2023</p>



<p>Invité d&rsquo;honneur : </p>



<p class="has-text-align-center">Gérard Voisin</p>



<p class="has-text-align-center">Lieu: LA CALE 2 Créateurs</p>



<p class="has-text-align-center">Quai des Antilles &#8211; NANTES</p>



<p></p>
</div></div>



<p></p>


<div class="wp-block-image">
<figure class="alignleft size-large"><img loading="lazy" decoding="async" width="1024" height="1024" src="https://lionel-lescornec.com/wp-content/uploads/2023/04/IMG_3563-1024x1024.jpg" alt="" class="wp-image-626" srcset="https://lionel-lescornec.com/wp-content/uploads/2023/04/IMG_3563-1024x1024.jpg 1024w, https://lionel-lescornec.com/wp-content/uploads/2023/04/IMG_3563-300x300.jpg 300w, https://lionel-lescornec.com/wp-content/uploads/2023/04/IMG_3563-150x150.jpg 150w, https://lionel-lescornec.com/wp-content/uploads/2023/04/IMG_3563-768x768.jpg 768w, https://lionel-lescornec.com/wp-content/uploads/2023/04/IMG_3563-50x50.jpg 50w, https://lionel-lescornec.com/wp-content/uploads/2023/04/IMG_3563-80x80.jpg 80w, https://lionel-lescornec.com/wp-content/uploads/2023/04/IMG_3563.jpg 1280w" sizes="auto, (max-width: 1024px) 100vw, 1024px" /></figure>
</div>


<p></p>



<figure class="wp-block-image size-large"><img loading="lazy" decoding="async" width="1024" height="1024" src="https://lionel-lescornec.com/wp-content/uploads/2023/04/IMG_3564-1024x1024.jpg" alt="" class="wp-image-627" srcset="https://lionel-lescornec.com/wp-content/uploads/2023/04/IMG_3564-1024x1024.jpg 1024w, https://lionel-lescornec.com/wp-content/uploads/2023/04/IMG_3564-300x300.jpg 300w, https://lionel-lescornec.com/wp-content/uploads/2023/04/IMG_3564-150x150.jpg 150w, https://lionel-lescornec.com/wp-content/uploads/2023/04/IMG_3564-768x768.jpg 768w, https://lionel-lescornec.com/wp-content/uploads/2023/04/IMG_3564-50x50.jpg 50w, https://lionel-lescornec.com/wp-content/uploads/2023/04/IMG_3564-80x80.jpg 80w, https://lionel-lescornec.com/wp-content/uploads/2023/04/IMG_3564.jpg 1280w" sizes="auto, (max-width: 1024px) 100vw, 1024px" /></figure>

<p>Exposition Les amis de l&rsquo;art Les amis de l&lsquo;art ↗ Les amis de l&rsquo;art expose du 26 avril au 7 mai 2023 Invité d&rsquo;honneur : Gérard Voisin Lieu: LA CALE 2 Créateurs Quai des Antilles &#8211; NANTES</p>

<!-- This site is optimized with the Yoast SEO plugin v21.2 - https://yoast.com/wordpress/plugins/seo/ -->
<title>Actualités - Lionel Le Scornec</title>
<meta name="robots" content="index, follow, max-snippet:-1, max-image-preview:large, max-video-preview:-1" />
<link rel="canonical" href="https://lionel-lescornec.com/?page_id=69" />
<meta property="og:locale" content="fr_FR" />
<meta property="og:type" content="article" />
<meta property="og:title" content="Actualités - Lionel Le Scornec" />
<meta property="og:description" content="Exposition Les amis de l&rsquo;art Les amis de l&lsquo;art ↗ Les amis de l&rsquo;art expose du 26 avril au 7 mai 2023 Invité d&rsquo;honneur : Gérard Voisin Lieu: LA CALE 2 Créateurs Quai des Antilles &#8211; NANTES" />
<meta property="og:url" content="https://lionel-lescornec.com/?page_id=69" />
<meta property="og:site_name" content="Lionel Le Scornec" />
<meta property="article:modified_time" content="2023-04-25T16:31:56+00:00" />
<meta property="og:image" content="https://lionel-lescornec.com/wp-content/uploads/2023/04/IMG_5115-1024x1024.jpg" />
<meta name="twitter:card" content="summary_large_image" />
<script type="application/ld+json" class="yoast-schema-graph">{"@context":"https://schema.org","@graph":[{"@type":"WebPage","@id":"https://lionel-lescornec.com/?page_id=69","url":"https://lionel-lescornec.com/?page_id=69","name":"Actualités - Lionel Le Scornec","isPartOf":{"@id":"https://lionel-lescornec.com/#website"},"datePublished":"2023-03-13T12:02:27+00:00","dateModified":"2023-04-25T16:31:56+00:00","breadcrumb":{"@id":"https://lionel-lescornec.com/?page_id=69#breadcrumb"},"inLanguage":"fr-FR","potentialAction":[{"@type":"ReadAction","target":["https://lionel-lescornec.com/?page_id=69"]}]},{"@type":"BreadcrumbList","@id":"https://lionel-lescornec.com/?page_id=69#breadcrumb","itemListElement":[{"@type":"ListItem","position":1,"name":"Accueil","item":"https://lionel-lescornec.com/"},{"@type":"ListItem","position":2,"name":"Actualités"}]},{"@type":"WebSite","@id":"https://lionel-lescornec.com/#website","url":"https://lionel-lescornec.com/","name":"Lionel Le Scornec","description":"Plasticien-Sculpteur","potentialAction":[{"@type":"SearchAction","target":{"@type":"EntryPoint","urlTemplate":"https://lionel-lescornec.com/?s={search_term_string}"},"query-input":"required name=search_term_string"}],"inLanguage":"fr-FR"}]}</script>
<!-- / Yoast SEO plugin. -->

Actualités - Lionel Le Scornec

Exposition Les amis de l&rsquo;art Les amis de l&lsquo;art ↗ Les amis de l&rsquo;art expose du 26 avril au 7 mai 2023 Invité d&rsquo;honneur : Gérard Voisin Lieu: LA CALE 2 Créateurs Quai des Antilles &#8211; NANTES
